prime factors of 10585?
5, 29, 73
What are the prime factors of 1306?
2, 653
List the prime factors of 309.
3, 103
List the prime factors of 635.
5, 127
List the prime factors of 4784.
2, 13, 23
List the prime factors of 831.
3, 277
List the prime factors of 7709.
13, 593
List the prime factors of 4086.
2, 3, 227
List the prime factors of 1566.
2, 3, 29
List the prime factors of 3956.
2, 23, 43
What are the prime factors of 3696?
2, 3, 7, 11
What are the prime factors of 1017?
3, 113
What are the prime factors of 2535?
3, 5, 13
List the prime factors of 1024.
2
List the prime factors of 108433.
13, 19, 439
What are the prime factors of 598?
2, 13, 23
List the prime factors of 2579.
2579
What are the prime factors of 15250?
2, 5, 61
What are the prime factors of 1267?
7, 181
List the prime factors of 1829.
31, 59
List the prime factors of 4973.
4973
List the prime factors of 1683.
3, 11, 17
List the prime factors of 10477.
10477
List the prime factors of 4554.
2, 3, 11, 23
List the prime factors of 82034.
2, 41017
What are the prime factors of 34?
2, 17
List the prime factors of 152039.
152039
What are the prime factors of 13488?
2, 3, 281
List the prime factors of 106712.
2, 13339
What are the prime factors of 845?
5, 13
List the prime factors of 16768.
2, 131
List the prime factors of 4299.
3, 1433
What are the prime factors of 3608?
2, 11, 41
List the prime factors of 45766.
2, 7, 467
What are the prime factors of 187?
11, 17
List the prime factors of 1078.
2, 7, 11
What are the prime factors of 119053?
11, 79, 137
List the prime factors of 23032.
2, 2879
What are the prime factors of 9842?
2, 7, 19, 37
What are the prime factors of 25807?
131, 197
List the prime factors of 4971.
3, 1657
What are the prime factors of 4969?
4969
List the prime factors of 851.
23, 37
What are the prime factors of 9059?
9059
List the prime factors of 3710.
2, 5, 7, 53
List the prime factors of 904.
2, 113
What are the prime factors of 91474?
2, 45737
What are the prime factors of 2787?
3, 929
List the prime factors of 15191.
11, 1381
What are the prime factors of 12020?
2, 5, 601
What are the prime factors of 2000?
2, 5
List the prime factors of 14987.
7, 2141
List the prime factors of 143.
11, 13
List the prime factors of 4372.
2, 1093
What are the prime factors of 33?
3, 11
What are the prime factors of 218?
2, 109
List the prime factors of 55373.
55373
What are the prime factors of 65716?
2, 7, 2347
List the prime factors of 5204.
2, 1301
What are the prime factors of 192423?
3, 7, 11, 17
What are the prime factors of 19098?
2, 3, 1061
List the prime factors of 4698.
2, 3, 29
List the prime factors of 2417.
2417
List the prime factors of 12935.
5, 13, 199
List the prime factors of 5628.
2, 3, 7, 67
What are the prime factors of 1962?
2, 3, 109
What are the prime factors of 324?
2, 3
List the prime factors of 924.
2, 3, 7, 11
What are the prime factors of 1650?
2, 3, 5, 11
List the prime factors of 13108.
2, 29, 113
List the prime factors of 1250.
2, 5
List the prime factors of 3127.
53, 59
What are the prime factors of 97268?
2, 24317
List the prime factors of 7606.
2, 3803
List the prime factors of 1298.
2, 11, 59
What are the prime factors of 1049?
1049
List the prime factors of 2890.
2, 5, 17
List the prime factors of 1479.
3, 17, 29
What are the prime factors of 33004?
2, 37, 223
List the prime factors of 8159.
41, 199
What are the prime factors of 63041?
11, 521
List the prime factors of 7743.
3, 29, 89
List the prime factors of 7729.
59, 131
List the prime factors of 332.
2, 83
List the prime factors of 12655.
5, 2531
What are the prime factors of 167110?
2, 5, 17, 983
List the prime factors of 112572.
2, 3, 53, 59
What are the prime factors of 88559?
19, 59, 79
What are the prime factors of 58235?
5, 19, 613
List the prime factors of 33998.
2, 89, 191
What are the prime factors of 78311?
78311
List the prime factors of 61213.
41, 1493
What are the prime factors of 6289?
19, 331
What are the prime factors of 4327?
4327
List the prime factors of 52764.
2, 3, 4397
List the prime factors of 1112.
2, 139
What are the prime factors of 1570?
2, 5, 157
List the prime factors of 2979.
3, 331
List the prime factors of 5545.
5, 1109
What are the prime factors of 2000?
2, 5
List the prime factors of 88786.
2, 103, 431
What are the prime factors of 32734?
2, 13, 1259
What are the prime factors of 102484?
2, 25621
List the prime factors of 6672.
2, 3, 139
List the prime factors of 35374.
2, 23, 769
What are the prime factors of 26205?
3, 5, 1747
List the prime factors of 45205.
5, 9041
List the prime factors of 9973.
9973
List the prime factors of 5104.
2, 11, 29
What are the prime factors of 13627?
13627
List the prime factors of 76985.
5, 89, 173
What are the prime factors of 5782?
2, 7, 59
What are the prime factors of 22729?
7, 17, 191
What are the prime factors of 9327?
3, 3109
List the prime factors of 2876.
2, 719
What are the prime factors of 148621?
11, 59, 229
List the prime factors of 31530.
2, 3, 5, 1051
What are the prime factors of 36448?
2, 17, 67
What are the prime factors of 9778?
2, 4889
What are the prime factors of 2237?
2237
What are the prime factors of 11543?
7, 17, 97
List the prime factors of 5593.
7, 17, 47
What are the prime factors of 716?
2, 179
List the prime factors of 535.
5, 107
List the prime factors of 277.
277
List the prime factors of 341.
11, 31
What are the prime factors of 12753?
3, 13, 109
What are the prime factors of 64?
2
List the prime factors of 3570.
2, 3, 5, 7, 17
List the prime factors of 39494.
2, 7, 13, 31
List the prime factors of 15192.
2, 3, 211
List the prime factors of 5571.
3, 619
What are the prime factors of 2510?
2, 5, 251
What are the prime factors of 30528?
2, 3, 53
List the prime factors of 33163.
13, 2551
List the prime factors of 22499.
149, 151
What are the prime factors of 874?
2, 19, 23
What are the prime factors of 6396?
2, 3, 13, 41
List the prime factors of 16976.
2, 1061
What are the prime factors of 482?
2, 241
List the prime factors of 426.
2, 3, 71
What are the prime factors of 18172?
2, 7, 11, 59
What are the prime factors of 50473?
17, 2969
What are the prime factors of 38565?
3, 5, 857
List the prime factors of 272.
2, 17
List the prime factors of 3601.
13, 277
What are the prime factors of 2449?
31, 79
What are the prime factors of 1896?
2, 3, 79
What are the prime factors of 8813?
7, 1259
List the prime factors of 8913.
3, 2971
What are the prime factors of 42105?
3, 5, 7, 401
What are the prime factors of 11333?
7, 1619
List the prime factors of 3945.
3, 5, 263
List the prime factors of 4516.
2, 1129
What are the prime factors of 1637?
1637
List the prime factors of 216.
2, 3
What are the prime factors of 2202?
2, 3, 367
List the prime factors of 74130.
2, 3, 5, 7, 353
What are the prime factors of 647?
647
List the prime factors of 4823.
7, 13, 53
List the prime factors of 71690.
2, 5, 67, 107
List the prime factors of 6469.
6469
What are the prime factors of 494?
2, 13, 19
What are the prime factors of 68740?
2, 5, 7, 491
List the prime factors of 2065.
5, 7, 59
What are the prime factors of 13990?
2, 5, 1399
What are the prime factors of 21700?
2, 5, 7, 31
What are the prime factors of 2099?
2099
What are the prime factors of 23975?
5, 7, 137
List the prime factors of 971.
971
What are the prime factors of 72442?
2, 29, 1249
What are the prime factors of 1441?
11, 131
What are the prime factors of 10162?
2, 5081
List the prime factors of 5835.
3, 5, 389
List the prime factors of 118649.
59, 2011
What are the prime factors of 1028?
2, 257
List the prime factors of 1697.
1697
List the prime factors of 72205.
5, 7, 2063
What are the prime factors of 7418?
2, 3709
What are the prime factors of 2733?
3, 911
What are the prime factors of 8939?
7, 1277
List the prime factors of 26826.
2, 3, 17, 263
List the prime factors of 62476.
2, 15619
What are the prime factors of 2315?
5, 463
List the prime factors of 495.
3, 5, 11
What are the prime factors of 24036?
2, 3, 2003
List the prime factors of 7344.
2, 3, 17
What are the prime factors of 72814?
2, 7, 743
List the prime factors of 11516.
2, 2879
List the prime factors of 1412.
2, 353
What are the prime factors of 24185?
5, 7, 691
List 